rime?
False
Is 19842664531 a prime number?
False
Is 2422138633 composite?
False
Is 6255679 composite?
False
Is 27304293091 a composite number?
False
Is 248773277 prime?
True
Is 44921557958 composite?
True
Is 71788687829 prime?
False
Is 3421451549 composite?
True
Is 25811300831 a prime number?
False
Is 7511558407 composite?
False
Is 27691071383 composite?
False
Is 798890413 composite?
True
Is 1738073299 a prime number?
True
Is 5704259731 prime?
True
Is 182440997 prime?
False
Is 381315889 a prime number?
True
Is 42579443 composite?
True
Is 176046149 prime?
True
Is 1290125219 a composite number?
False
Is 347904191 prime?
True
Is 32551099153 a composite number?
False
Is 102484107799 a prime number?
True
Is 975975487 prime?
False
Is 285179299853 a composite number?
True
Is 9983116747 a composite number?
False
Is 116890093 composite?
False
Is 864412267 a composite number?
False
Is 105548363 a prime number?
False
Is 1993505497 a composite number?
False
Is 65538180969 a prime number?
False
Is 6718058369 composite?
True
Is 1106979697 a composite number?
False
Is 67376049149 composite?
False
Is 1668076409 prime?
True
Is 120423218 composite?
True
Is 194426053 a composite number?
True
Is 416215341769 a prime number?
True
Is 20221931 a composite number?
False
Is 8853445373 a prime number?
True
Is 605419951 prime?
False
Is 1903702117 prime?
True
Is 12658552499 a prime number?
False
Is 3084482663 a composite number?
False
Is 17031146773 prime?
True
Is 63355529 a composite number?
True
Is 299243479 composite?
False
Is 26510341567 prime?
False
Is 1030033799 prime?
True
Is 11074309187 prime?
True
Is 264474323 composite?
False
Is 970983623 composite?
True
Is 1268908211 a composite number?
False
Is 755349809 prime?
False
Is 347420699 composite?
True
Is 19840505439 prime?
False
Is 5769481351 prime?
False
Is 6374411569 composite?
False
Is 12124020043 a prime number?
True
Is 5006360537 composite?
False
Is 1427143061 prime?
False
Is 131851691 a prime number?
True
Is 41119261 prime?
False
Is 198823561 composite?
False
Is 5598298229 prime?
False
Is 355569766 composite?
True
Is 76101131011 a prime number?
False
Is 10510566173 composite?
False
Is 497893546 prime?
False
Is 22339721 a prime number?
True
Is 61372649057 a composite number?
True
Is 29142727 a prime number?
False
Is 21304436081 a prime number?
False
Is 12274645967 a composite number?
True
Is 1471974809 prime?
True
Is 3694995107 a composite number?
True
Is 300120935633 a composite number?
False
Is 295930161071 a composite number?
False
Is 42370406853 a composite number?
True
Is 14586493121 composite?
True
Is 2004290767 a prime number?
True
Is 1457594251 prime?
True
Is 240446039 a prime number?
True
Is 10358130823 a composite number?
False
Is 619913669 composite?
False
Is 5525033773 prime?
False
Is 474356521 a prime number?
False
Is 12952031681 a prime number?
True
Is 368070341 a composite number?
True
Is 33242727751 prime?
False
Is 177885623 composite?
True
Is 12780842731 a composite number?
True
Is 12570739601 composite?
True
Is 14513028303 prime?
False
Is 468447631 composite?
True
Is 9318280415 prime?
False
Is 2156770685 composite?
True
Is 37057587647 prime?
True
Is 36549977389 a composite number?
False
Is 60373952213 prime?
True
Is 3908491973 a prime number?
True
Is 3507167897 composite?
True
Is 2239978373 composite?
False
Is 526124681 a prime number?
True
Is 2776949943 composite?
True
Is 319913943 a prime number?
False
Is 330864337 a composite number?
True
Is 876620681 prime?
True
Is 1075948889 composite?
True
Is 253213907 a prime number?
False
Is 2771328181 composite?
False
Is 479342537 prime?
False
Is 727751987 a composite number?
False
Is 1122905071 a composite number?
False
Is 117072632099 prime?
True
Is 153717735481 a prime number?
True
Is 39161125127 a composite number?
False
Is 5795507 a prime number?
True
Is 7876872589 composite?
True
Is 11317575982 a composite number?
True
Is 150083419 a composite number?
False
Is 10193034827 a composite number?
False
Is 2183773843 a composite number?
True
Is 4151734367 a prime number?
False
Is 974114489 a composite number?
True
Is 7646588329 a prime number?
True
Is 3011170817 a composite number?
False
Is 2109508627 composite?
False
Is 35445604769 a prime number?
True
Is 426708313 a composite number?
True
Is 273798611 composite?
False
Is 6561314609 prime?
False
Is 34990526251 composite?
False
Is 65022928379 a prime number?
False
Is 3175402387 a composite number?
False
Is 523544621 prime?
False
Is 1056091247 composite?
False
Is 373677019 composite?
False
Is 1995470507 prime?
True
Is 1461741859 prime?
False
Is 2889249905 a composite number?
True
Is 194048291 a composite number?
False
Is 546084503 composite?
False
Is 1348645763 prime?
True
Is 10996232531 a composite number?
True
Is 28302099941 a prime number?
False
Is 92219809 a composite number?
True
Is 154076791 prime?
False
Is 1839534845 a prime number?
False
Is 12459550231 a composite number?
False
Is 970392119 prime?
False
Is 89187187 prime?
True
Is 31223227273 composite?
True
Is 9927712267 a prime number?
False
Is 64140146963 prime?
True
Is 88923119 prime?
True
Is 390479272721 a prime number?
False
Is 271059431 a composite number?
False
Is 6510511781 prime?
False
Is 20528459557 a prime number?
True
Is 58368471263 a prime number?
True
Is 666174633 a prime number?
False
Is 11104228661 prime?
True
Is 9782367601 a composite number?
False
Is 34999403158 a composite number?
True
Is 21865978877 composite?
True
Is 8120159669 a composite number?
True
Is 25486077079 composite?
False
Is 904470169 a composite number?
True
Is 7570931639 a composite number?
False
Is 47455899047 a composite number?
False
Is 225931441 a prime number?
False
Is 4731683963 composite?
False
Is 9873060853 composite?
False
Is 2475094819 a prime number?
True
Is 3745626667 prime?
False
Is 116934282293 a prime number?
True
Is 9611902283 prime?
False
Is 339391242293 prime?
True
Is 379384589 composite?
True
Is 5352390089 prime?
True
Is 25255451207 a prime number?
False
Is 16125775067 a composite number?
True
Is 42275615183 composite?
True
Is 16889754578 composite?
True
Is 797677357 prime?
True
Is 1725046303 prime?
True
Is 4796533307 prime?
True
Is 28182245743 a composite number?
False
Is 70733137 composite?
False
Is 2721207221 composite?
True
Is 210515537 a composite number?
False
Is 9884488049 composite?
False
Is 200017511 composite?
True
Is 21168761 a prime number?
False
Is 237213667 prime?
True
Is 824183753 composite?
True
Is 293805353 a prime number?
True
Is 158643563567 a composite number?
True
Is 13239646163 composite?
False
Is 9546125429 prime?
False
Is 1016841493 prime?
False
Is 2046074881 composite?
False
Is 1057763747 a composite number?
False
Is 86673595219 prime?
True
Is 379098821 a composite number?
False
Is 63443833 composite?
True
Is 75350633555 a composite number?
True
Is 24917183869 a prime number?
True
Is 112058247781 a composite number?
True
Is 18561401671 a composite number?
False
Is 4562675477 a prime number?
True
Is 1722234851 a prime number?
True
Is 738814891 prime?
True
Is 2154846181 a prime number?
True
Is 5525787959 a composite number?
False
Is 39544522903 composite?
True
Is 11285440597 a prime number?
True
Is 759707279 a prime number?
True
Is 1989630679 a composite number?
True
Is 1484905349 composite?
True
Is 3776501321 a composite number?
True
Is 1084972643 a prime number?
False
Is 106234127 a prime number?
True
Is 306622837817 composite?
False
Is 878155963 a composite number?
False
Is 232161629 a composite number?
True
Is 1421009067 composite?
True
Is 27919926119 a composite number?
False
Is 2122671323 prime?
False
Is 841980761 a prime number?
True
Is 8707577231 composite?
False
Is 112146301 composite?
True
Is 44713011583 prime?
False
Is 20974639267 composite?
True
Is 869336779 prime?
False
Is 765716339 a prime number?
False
Is 179156269421 composite?
True
Is 256274419 prime?
False
Is 6626644061 composite?
True
Is 285779003 prime?
False
Is 2901324467 prime?
True
Is 1214656253 a prime number?
True
Is 29052682783 a composite number?
True
Is 63076408697 a composite number?
False
Is 2939612491 a prime number?
True
Is 1391700185 composite?
True
Is 1666649773 a composite number?
False
Is 23864609 prime?
True
Is 95213117143 a p